{"id":138,"date":"2020-08-27T19:59:45","date_gmt":"2020-08-27T17:59:45","guid":{"rendered":"http:\/\/johanneszuber.de\/?page_id=138"},"modified":"2024-05-16T11:40:00","modified_gmt":"2024-05-16T09:40:00","slug":"ueber-mich-2","status":"publish","type":"page","link":"https:\/\/johanneszuber.de\/?page_id=138","title":{"rendered":"\u00dcber mich"},"content":{"rendered":"\n<div style=\"height:54px\" aria-hidden=\"true\" class=\"wp-block-spacer\"><\/div>\n\n\n\n<p>Ich habe an der <a href=\"https:\/\/journalistik.tu-dortmund.de\/\" target=\"_blank\" rel=\"noreferrer noopener\">TU Dortmund<\/a> meinen Bachelor in Journalistik gemacht und mich dabei vor allem aufs Radio spezialisiert, anschlie\u00dfend habe ich frei f\u00fcr verschiedene Medien gearbeitet. Nebenher habe ich meinen Master gemacht und meine Abschlussarbeit \u00fcber Podcast-Formatentwicklung geschrieben. Zudem habe ich bei der Landesanstalt f\u00fcr Medien NRW eine Weiterbildung zum Medientrainer gemacht und gebe seitdem immer wieder Seminare, zum Beispiel Sprechtrainings und Interviewtrainings f\u00fcr Wissenschaftlerinnen und Wissenschaftler.<\/p>\n\n\n\n<div style=\"height:30px\" aria-hidden=\"true\" class=\"wp-block-spacer\"><\/div>\n\n\n\n<p><strong>Berufliche Stationen<\/strong><\/p>\n\n\n\n<p>seit 2020 Freier Journalist u. a. f\u00fcr <a href=\"https:\/\/www.ndr.de\/index.html\" target=\"_blank\" rel=\"noreferrer noopener\">NDR<\/a>, <a href=\"https:\/\/www1.wdr.de\/index.html\" target=\"_blank\" rel=\"noreferrer noopener\">WDR<\/a>, <a href=\"https:\/\/www.deutschlandfunkkultur.de\/\" target=\"_blank\" rel=\"noreferrer noopener\">Deutschlandfunk Kultur<\/a> und <a href=\"https:\/\/www.deutschlandfunk.de\/\" target=\"_blank\" rel=\"noreferrer noopener\">Deutschlandfunk<\/a>; Podcast-Produzent; Medientrainer<\/p>\n\n\n\n<p>2015 \u2013 2020 Redakteur in der Wirtschaftsredaktion und am Newsdesk des WDR<\/p>\n\n\n\n<p>2011 \u2013 2015 Freier Journalist u. a. f\u00fcr den <a rel=\"noreferrer noopener\" href=\"https:\/\/www1.wdr.de\/index.html\" target=\"_blank\">WDR<\/a>, <a rel=\"noreferrer noopener\" href=\"https:\/\/www.deutschlandfunkkultur.de\/\" target=\"_blank\">Deutschlandradio Kultur<\/a>, den <a rel=\"noreferrer noopener\" href=\"https:\/\/www.deutschlandfunk.de\/\" target=\"_blank\">Deutschlandfunk<\/a> und die <a rel=\"noreferrer noopener\" href=\"https:\/\/www.ruhrnachrichten.de\/\" target=\"_blank\">Ruhr Nachrichten<\/a><\/p>\n\n\n\n<p>2010 \u2013 2011 Volontariat bei den <a href=\"https:\/\/www.kn-online.de\/\" target=\"_blank\" rel=\"noreferrer noopener\">Kieler Nachrichten<\/a><\/p>\n\n\n\n<p>2006 \u2013 2010 Freier Journalist u. a. f\u00fcr den <a rel=\"noreferrer noopener\" href=\"https:\/\/www.swr.de\/unternehmen\/organisation\/standorte\/studio-mannheim-ludwigshafen-104.html\" target=\"_blank\">SWR<\/a>, den <a rel=\"noreferrer noopener\" href=\"https:\/\/www.morgenweb.de\/hochschule.html\" target=\"_blank\">Mannheimer Morgen<\/a> und die <a href=\"https:\/\/www.bezev.de\/de\/institut-fuer-inklusive-entwicklung\/zeitschrift\/\" target=\"_blank\" rel=\"noreferrer noopener\">Zeitschrift \u201eBehinderung und internationale Entwicklung\u201c<\/a><\/p>\n\n\n\n<p>2006 \u2013 2008 Campusradio bei <a rel=\"noreferrer noopener\" href=\"https:\/\/www.radioaktiv.org\/\" target=\"_blank\">RadioAktiv<\/a> in Mannheim<\/p>\n","protected":false},"excerpt":{"rendered":"<p>Ich habe an der TU Dortmund meinen Bachelor in Journalistik gemacht und mich dabei vor allem aufs Radio spezialisiert, anschlie\u00dfend habe ich frei f\u00fcr verschiedene Medien gearbeitet. Nebenher habe ich meinen Master gemacht und meine Abschlussarbeit \u00fcber Podcast-Formatentwicklung geschrieben. Zudem habe ich bei der Landesanstalt f\u00fcr Medien NRW eine Weiterbildung zum Medientrainer gemacht und gebe &hellip; <\/p>\n","protected":false},"author":1,"featured_media":0,"parent":0,"menu_order":0,"comment_status":"closed","ping_status":"closed","template":"","meta":{"footnotes":""},"class_list":["post-138","page","type-page","status-publish","hentry"],"_links":{"self":[{"href":"https:\/\/johanneszuber.de\/index.php?rest_route=\/wp\/v2\/pages\/138","targetHints":{"allow":["GET"]}}],"collection":[{"href":"https:\/\/johanneszuber.de\/index.php?rest_route=\/wp\/v2\/pages"}],"about":[{"href":"https:\/\/johanneszuber.de\/index.php?rest_route=\/wp\/v2\/types\/page"}],"author":[{"embeddable":true,"href":"https:\/\/johanneszuber.de\/index.php?rest_route=\/wp\/v2\/users\/1"}],"replies":[{"embeddable":true,"href":"https:\/\/johanneszuber.de\/index.php?rest_route=%2Fwp%2Fv2%2Fcomments&post=138"}],"version-history":[{"count":20,"href":"https:\/\/johanneszuber.de\/index.php?rest_route=\/wp\/v2\/pages\/138\/revisions"}],"predecessor-version":[{"id":812,"href":"https:\/\/johanneszuber.de\/index.php?rest_route=\/wp\/v2\/pages\/138\/revisions\/812"}],"wp:attachment":[{"href":"https:\/\/johanneszuber.de\/index.php?rest_route=%2Fwp%2Fv2%2Fmedia&parent=138"}],"curies":[{"name":"wp","href":"https:\/\/api.w.org\/{rel}","templated":true}]}}

Über mich

<div style="height:54px" aria-hidden="true" class="wp-block-spacer"></div>



<p>Ich habe an der <a href="https://journalistik.tu-dortmund.de/" target="_blank" rel="noreferrer noopener">TU Dortmund</a> meinen Bachelor in Journalistik gemacht und mich dabei vor allem aufs Radio spezialisiert, anschließend habe ich frei für verschiedene Medien gearbeitet. Nebenher habe ich meinen Master gemacht und meine Abschlussarbeit über Podcast-Formatentwicklung geschrieben. Zudem habe ich bei der Landesanstalt für Medien NRW eine Weiterbildung zum Medientrainer gemacht und gebe seitdem immer wieder Seminare, zum Beispiel Sprechtrainings und Interviewtrainings für Wissenschaftlerinnen und Wissenschaftler.</p>



<div style="height:30px" aria-hidden="true" class="wp-block-spacer"></div>



<p><strong>Berufliche Stationen</strong></p>



<p>seit 2020 Freier Journalist u. a. für <a href="https://www.ndr.de/index.html" target="_blank" rel="noreferrer noopener">NDR</a>, <a href="https://www1.wdr.de/index.html" target="_blank" rel="noreferrer noopener">WDR</a>, <a href="https://www.deutschlandfunkkultur.de/" target="_blank" rel="noreferrer noopener">Deutschlandfunk Kultur</a> und <a href="https://www.deutschlandfunk.de/" target="_blank" rel="noreferrer noopener">Deutschlandfunk</a>; Podcast-Produzent; Medientrainer</p>



<p>2015 – 2020 Redakteur in der Wirtschaftsredaktion und am Newsdesk des WDR</p>



<p>2011 – 2015 Freier Journalist u. a. für den <a rel="noreferrer noopener" href="https://www1.wdr.de/index.html" target="_blank">WDR</a>, <a rel="noreferrer noopener" href="https://www.deutschlandfunkkultur.de/" target="_blank">Deutschlandradio Kultur</a>, den <a rel="noreferrer noopener" href="https://www.deutschlandfunk.de/" target="_blank">Deutschlandfunk</a> und die <a rel="noreferrer noopener" href="https://www.ruhrnachrichten.de/" target="_blank">Ruhr Nachrichten</a></p>



<p>2010 – 2011 Volontariat bei den <a href="https://www.kn-online.de/" target="_blank" rel="noreferrer noopener">Kieler Nachrichten</a></p>



<p>2006 – 2010 Freier Journalist u. a. für den <a rel="noreferrer noopener" href="https://www.swr.de/unternehmen/organisation/standorte/studio-mannheim-ludwigshafen-104.html" target="_blank">SWR</a>, den <a rel="noreferrer noopener" href="https://www.morgenweb.de/hochschule.html" target="_blank">Mannheimer Morgen</a> und die <a href="https://www.bezev.de/de/institut-fuer-inklusive-entwicklung/zeitschrift/" target="_blank" rel="noreferrer noopener">Zeitschrift „Behinderung und internationale Entwicklung“</a></p>



<p>2006 – 2008 Campusradio bei <a rel="noreferrer noopener" href="https://www.radioaktiv.org/" target="_blank">RadioAktiv</a> in Mannheim</p>

<p>Ich habe an der TU Dortmund meinen Bachelor in Journalistik gemacht und mich dabei vor allem aufs Radio spezialisiert, anschließend habe ich frei für verschiedene Medien gearbeitet. Nebenher habe ich meinen Master gemacht und meine Abschlussarbeit über Podcast-Formatentwicklung geschrieben. Zudem habe ich bei der Landesanstalt für Medien NRW eine Weiterbildung zum Medientrainer gemacht und gebe &hellip; </p>
