{"id":308,"date":"2022-07-24T21:08:00","date_gmt":"2022-07-24T19:08:00","guid":{"rendered":"http:\/\/johanneszuber.de\/?post_type=rara-portfolio&#038;p=308"},"modified":"2024-05-15T12:54:43","modified_gmt":"2024-05-15T10:54:43","slug":"die-zukunft-der-messen","status":"publish","type":"rara-portfolio","link":"https:\/\/johanneszuber.de\/?rara-portfolio=die-zukunft-der-messen","title":{"rendered":"Die Zukunft der Messen"},"content":{"rendered":"\n<p>Corona hat das Messegesch\u00e4ft besonders hart getroffen \u2013 und beeintr\u00e4chtigt es auch weiterhin. Messen werden abgesagt, verschoben oder ins Internet verlegt. Es ist unwahrscheinlich, dass die Branche wieder an die Zeit vor der Pandemie ankn\u00fcpfen kann. Um trotzdem zu \u00fcberleben, m\u00fcssen sich die Messegesellschaften etwas einfallen lassen; sie setzen auf Digitalisierung und erweitern ihre Angebote \u00fcber die eigentliche Messe hinaus. Aber l\u00e4sst sich damit genug Geld verdienen, um den milliardenschweren Messemarkt zu retten? Welche Folgen hat das f\u00fcr Unternehmen im Bereich Messebau und Veranstaltungstechnik, Eventagenturen, Catering-Dienste? Die Branche steckt mitten im gr\u00f6\u00dften Umbruch seit Jahrzehnten \u2013 und wird danach nicht mehr die alte sein.<\/p>\n\n\n\n<div style=\"height:30px\" aria-hidden=\"true\" class=\"wp-block-spacer\"><\/div>\n\n\n\n<p>Unser Radio-Feature bei WDR 5 lief am 24. Juli 2022.<\/p>\n\n\n\n<figure class=\"wp-block-audio\"><audio controls src=\"https:\/\/wdrmedien-a.akamaihd.net\/medp\/podcast\/weltweit\/fsk0\/276\/2764331\/dok5dasfeature_2022-07-24_hallenleerwiemessennachcoronaumsueberlebenkaempfen_wdr5.mp3\"><\/audio><\/figure>\n\n\n\n<div style=\"height:61px\" aria-hidden=\"true\" class=\"wp-block-spacer\"><\/div>\n\n\n\n<p><a href=\"https:\/\/www.deutschlandfunkkultur.de\/messewirtschaft-wandel-zukunft-100.html\" target=\"_blank\" rel=\"noreferrer noopener\">Unser Feature bei Deutschlandfunk Kultur lief am 12. Juli 2022.<\/a><\/p>\n\n\n\n<figure class=\"wp-block-audio\"><audio controls src=\"https:\/\/download.deutschlandfunk.de\/file\/dradio\/2022\/07\/12\/messewirtschaft_eine_branche_kaempft_ums_ueberleben_feature_drk_20220712_1930_d00c0258.mp3\"><\/audio><\/figure>\n","protected":false},"excerpt":{"rendered":"<p>Corona hat das Messegesch\u00e4ft besonders hart getroffen \u2013 und beeintr\u00e4chtigt es auch weiterhin. Messen werden abgesagt, verschoben oder ins Internet verlegt. Es ist unwahrscheinlich, dass die Branche wieder an die Zeit vor der Pandemie ankn\u00fcpfen kann. Um trotzdem zu \u00fcberleben, m\u00fcssen sich die Messegesellschaften etwas einfallen lassen; sie setzen auf Digitalisierung und erweitern ihre Angebote &hellip; <\/p>\n","protected":false},"author":1,"featured_media":740,"comment_status":"closed","ping_status":"closed","template":"","rara_portfolio_categories":[23],"class_list":["post-308","rara-portfolio","type-rara-portfolio","status-publish","has-post-thumbnail","hentry","rara_portfolio_categories-radio-features"],"_links":{"self":[{"href":"https:\/\/johanneszuber.de\/index.php?rest_route=\/wp\/v2\/rara-portfolio\/308","targetHints":{"allow":["GET"]}}],"collection":[{"href":"https:\/\/johanneszuber.de\/index.php?rest_route=\/wp\/v2\/rara-portfolio"}],"about":[{"href":"https:\/\/johanneszuber.de\/index.php?rest_route=\/wp\/v2\/types\/rara-portfolio"}],"author":[{"embeddable":true,"href":"https:\/\/johanneszuber.de\/index.php?rest_route=\/wp\/v2\/users\/1"}],"replies":[{"embeddable":true,"href":"https:\/\/johanneszuber.de\/index.php?rest_route=%2Fwp%2Fv2%2Fcomments&post=308"}],"wp:featuredmedia":[{"embeddable":true,"href":"https:\/\/johanneszuber.de\/index.php?rest_route=\/wp\/v2\/media\/740"}],"wp:attachment":[{"href":"https:\/\/johanneszuber.de\/index.php?rest_route=%2Fwp%2Fv2%2Fmedia&parent=308"}],"wp:term":[{"taxonomy":"rara_portfolio_categories","embeddable":true,"href":"https:\/\/johanneszuber.de\/index.php?rest_route=%2Fwp%2Fv2%2Frara_portfolio_categories&post=308"}],"curies":[{"name":"wp","href":"https:\/\/api.w.org\/{rel}","templated":true}]}}

<p>Corona hat das Messegeschäft besonders hart getroffen – und beeinträchtigt es auch weiterhin. Messen werden abgesagt, verschoben oder ins Internet verlegt. Es ist unwahrscheinlich, dass die Branche wieder an die Zeit vor der Pandemie anknüpfen kann. Um trotzdem zu überleben, müssen sich die Messegesellschaften etwas einfallen lassen; sie setzen auf Digitalisierung und erweitern ihre Angebote über die eigentliche Messe hinaus. Aber lässt sich damit genug Geld verdienen, um den milliardenschweren Messemarkt zu retten? Welche Folgen hat das für Unternehmen im Bereich Messebau und Veranstaltungstechnik, Eventagenturen, Catering-Dienste? Die Branche steckt mitten im größten Umbruch seit Jahrzehnten – und wird danach nicht mehr die alte sein.</p>



<div style="height:30px" aria-hidden="true" class="wp-block-spacer"></div>



<p>Unser Radio-Feature bei WDR 5 lief am 24. Juli 2022.</p>



<figure class="wp-block-audio"><audio controls src="https://wdrmedien-a.akamaihd.net/medp/podcast/weltweit/fsk0/276/2764331/dok5dasfeature_2022-07-24_hallenleerwiemessennachcoronaumsueberlebenkaempfen_wdr5.mp3"></audio></figure>



<div style="height:61px" aria-hidden="true" class="wp-block-spacer"></div>



<p><a href="https://www.deutschlandfunkkultur.de/messewirtschaft-wandel-zukunft-100.html" target="_blank" rel="noreferrer noopener">Unser Feature bei Deutschlandfunk Kultur lief am 12. Juli 2022.</a></p>



<figure class="wp-block-audio"><audio controls src="https://download.deutschlandfunk.de/file/dradio/2022/07/12/messewirtschaft_eine_branche_kaempft_ums_ueberleben_feature_drk_20220712_1930_d00c0258.mp3"></audio></figure>

<p>Corona hat das Messegeschäft besonders hart getroffen – und beeinträchtigt es auch weiterhin. Messen werden abgesagt, verschoben oder ins Internet verlegt. Es ist unwahrscheinlich, dass die Branche wieder an die Zeit vor der Pandemie anknüpfen kann. Um trotzdem zu überleben, müssen sich die Messegesellschaften etwas einfallen lassen; sie setzen auf Digitalisierung und erweitern ihre Angebote &hellip; </p>
