{"id":44,"date":"2021-07-27T20:00:00","date_gmt":"2021-07-27T18:00:00","guid":{"rendered":"http:\/\/rarathemesdemo.com\/perfect-portfolio\/?post_type=rara-portfolio&#038;p=44"},"modified":"2024-05-15T12:53:51","modified_gmt":"2024-05-15T10:53:51","slug":"der-lange-weg-zur-digitalen-verwaltung","status":"publish","type":"rara-portfolio","link":"https:\/\/johanneszuber.de\/?rara-portfolio=der-lange-weg-zur-digitalen-verwaltung","title":{"rendered":"Der lange Weg zur digitalen Verwaltung"},"content":{"rendered":"\n<p>Corona hat schonungslos offengelegt, wie schlecht es um die Digitalisierung der \u00f6ffentlichen Verwaltung steht. Faxger\u00e4te, Papierformulare und Wartenummern sind dort immer noch Alltag. Doch so langsam kommt Bewegung in einen tr\u00e4gen Apparat.<\/p>\n\n\n\n<br class=\"\u201cclear\u201d\">\n\n\n\n<p><a rel=\"noreferrer noopener\" href=\"https:\/\/www.deutschlandfunkkultur.de\/apps-statt-ablage-der-lange-weg-zur-digitalen-verwaltung.976.de.html?dram:article_id=500884\" target=\"_blank\">Mein Radio-Feature f\u00fcr die Sendung Zeitfragen lief am Dienstag, 27. Juli 2021, um 19:30 bei Deutschlandfunk Kultur.<\/a><\/p>\n\n\n\n<br class=\"\u201cclear\u201d\">\n\n\n\n<figure class=\"wp-block-audio\"><audio controls src=\"https:\/\/ondemand-mp3.dradio.de\/file\/dradio\/2021\/07\/27\/ablage_d_der_lange_weg_zur_digitalen_verwaltung_feature_drk_20210727_1930_92721813.mp3\"><\/audio><\/figure>\n","protected":false},"excerpt":{"rendered":"<p>Corona hat schonungslos offengelegt, wie schlecht es um die Digitalisierung der \u00f6ffentlichen Verwaltung steht. Faxger\u00e4te, Papierformulare und Wartenummern sind dort immer noch Alltag. Doch so langsam kommt Bewegung in einen tr\u00e4gen Apparat. Mein Radio-Feature f\u00fcr die Sendung Zeitfragen lief am Dienstag, 27. Juli 2021, um 19:30 bei Deutschlandfunk Kultur.<\/p>\n","protected":false},"author":1,"featured_media":742,"comment_status":"closed","ping_status":"closed","template":"","rara_portfolio_categories":[23],"class_list":["post-44","rara-portfolio","type-rara-portfolio","status-publish","has-post-thumbnail","hentry","rara_portfolio_categories-radio-features"],"_links":{"self":[{"href":"https:\/\/johanneszuber.de\/index.php?rest_route=\/wp\/v2\/rara-portfolio\/44","targetHints":{"allow":["GET"]}}],"collection":[{"href":"https:\/\/johanneszuber.de\/index.php?rest_route=\/wp\/v2\/rara-portfolio"}],"about":[{"href":"https:\/\/johanneszuber.de\/index.php?rest_route=\/wp\/v2\/types\/rara-portfolio"}],"author":[{"embeddable":true,"href":"https:\/\/johanneszuber.de\/index.php?rest_route=\/wp\/v2\/users\/1"}],"replies":[{"embeddable":true,"href":"https:\/\/johanneszuber.de\/index.php?rest_route=%2Fwp%2Fv2%2Fcomments&post=44"}],"wp:featuredmedia":[{"embeddable":true,"href":"https:\/\/johanneszuber.de\/index.php?rest_route=\/wp\/v2\/media\/742"}],"wp:attachment":[{"href":"https:\/\/johanneszuber.de\/index.php?rest_route=%2Fwp%2Fv2%2Fmedia&parent=44"}],"wp:term":[{"taxonomy":"rara_portfolio_categories","embeddable":true,"href":"https:\/\/johanneszuber.de\/index.php?rest_route=%2Fwp%2Fv2%2Frara_portfolio_categories&post=44"}],"curies":[{"name":"wp","href":"https:\/\/api.w.org\/{rel}","templated":true}]}}

<p>Corona hat schonungslos offengelegt, wie schlecht es um die Digitalisierung der öffentlichen Verwaltung steht. Faxgeräte, Papierformulare und Wartenummern sind dort immer noch Alltag. Doch so langsam kommt Bewegung in einen trägen Apparat.</p>



<br class="“clear”">



<p><a rel="noreferrer noopener" href="https://www.deutschlandfunkkultur.de/apps-statt-ablage-der-lange-weg-zur-digitalen-verwaltung.976.de.html?dram:article_id=500884" target="_blank">Mein Radio-Feature für die Sendung Zeitfragen lief am Dienstag, 27. Juli 2021, um 19:30 bei Deutschlandfunk Kultur.</a></p>



<br class="“clear”">



<figure class="wp-block-audio"><audio controls src="https://ondemand-mp3.dradio.de/file/dradio/2021/07/27/ablage_d_der_lange_weg_zur_digitalen_verwaltung_feature_drk_20210727_1930_92721813.mp3"></audio></figure>

<p>Corona hat schonungslos offengelegt, wie schlecht es um die Digitalisierung der öffentlichen Verwaltung steht. Faxgeräte, Papierformulare und Wartenummern sind dort immer noch Alltag. Doch so langsam kommt Bewegung in einen trägen Apparat. Mein Radio-Feature für die Sendung Zeitfragen lief am Dienstag, 27. Juli 2021, um 19:30 bei Deutschlandfunk Kultur.</p>
