{"id":746,"date":"2021-01-12T19:59:00","date_gmt":"2021-01-12T17:59:00","guid":{"rendered":"https:\/\/johanneszuber.de\/?post_type=rara-portfolio&#038;p=746"},"modified":"2024-05-15T15:36:14","modified_gmt":"2024-05-15T13:36:14","slug":"breitband-ausbau-auf-dem-land","status":"publish","type":"rara-portfolio","link":"https:\/\/johanneszuber.de\/?rara-portfolio=breitband-ausbau-auf-dem-land","title":{"rendered":"Breitband-Ausbau auf dem Land"},"content":{"rendered":"\n<p>Auf dem Land gibt es immer noch graue und wei\u00dfe Flecken ohne schnellen Internetanschluss. Und das obwohl die Bundesregierung schon l\u00e4ngst fl\u00e4chendeckend Breitband versprochen hat. Woran liegt es, dass der Ausbau nicht so recht voran kommt? Und wie k\u00f6nnen sich D\u00f6rfer abseits des Glasfasernetzes selbst helfen?<\/p>\n\n\n\n<br class=\"\u201cclear\u201d\">\n\n\n\n<p><a rel=\"noreferrer noopener\" href=\"https:\/\/www.deutschlandfunkkultur.de\/schnelle-bytes-langsame-bytes-der-ermuedende-kampf-ums.976.de.html?dram:article_id=490689\" target=\"_blank\">Mein Radio-Feature f\u00fcr die Sendung Zeitfragen lief am Dienstag, 12. Januar 2021, um 19:30 bei Deutschlandfunk Kultur.<\/a><\/p>\n\n\n\n<br class=\"\u201cclear\u201d\">\n\n\n\n<figure class=\"wp-block-audio\"><audio controls src=\"https:\/\/ondemand-mp3.dradio.de\/file\/dradio\/2021\/01\/12\/schnelle_bytes_langsame_bytes_ermuedender_kampf_ums_drk_20210112_1930_d646bb6c.mp3\"><\/audio><\/figure>\n","protected":false},"excerpt":{"rendered":"<p>Auf dem Land gibt es immer noch graue und wei\u00dfe Flecken ohne schnellen Internetanschluss. Und das obwohl die Bundesregierung schon l\u00e4ngst fl\u00e4chendeckend Breitband versprochen hat. Woran liegt es, dass der Ausbau nicht so recht voran kommt? Und wie k\u00f6nnen sich D\u00f6rfer abseits des Glasfasernetzes selbst helfen? Mein Radio-Feature f\u00fcr die Sendung Zeitfragen lief am Dienstag, &hellip; <\/p>\n","protected":false},"author":1,"featured_media":747,"comment_status":"closed","ping_status":"closed","template":"","rara_portfolio_categories":[23],"class_list":["post-746","rara-portfolio","type-rara-portfolio","status-publish","has-post-thumbnail","hentry","rara_portfolio_categories-radio-features"],"_links":{"self":[{"href":"https:\/\/johanneszuber.de\/index.php?rest_route=\/wp\/v2\/rara-portfolio\/746","targetHints":{"allow":["GET"]}}],"collection":[{"href":"https:\/\/johanneszuber.de\/index.php?rest_route=\/wp\/v2\/rara-portfolio"}],"about":[{"href":"https:\/\/johanneszuber.de\/index.php?rest_route=\/wp\/v2\/types\/rara-portfolio"}],"author":[{"embeddable":true,"href":"https:\/\/johanneszuber.de\/index.php?rest_route=\/wp\/v2\/users\/1"}],"replies":[{"embeddable":true,"href":"https:\/\/johanneszuber.de\/index.php?rest_route=%2Fwp%2Fv2%2Fcomments&post=746"}],"wp:featuredmedia":[{"embeddable":true,"href":"https:\/\/johanneszuber.de\/index.php?rest_route=\/wp\/v2\/media\/747"}],"wp:attachment":[{"href":"https:\/\/johanneszuber.de\/index.php?rest_route=%2Fwp%2Fv2%2Fmedia&parent=746"}],"wp:term":[{"taxonomy":"rara_portfolio_categories","embeddable":true,"href":"https:\/\/johanneszuber.de\/index.php?rest_route=%2Fwp%2Fv2%2Frara_portfolio_categories&post=746"}],"curies":[{"name":"wp","href":"https:\/\/api.w.org\/{rel}","templated":true}]}}

<p>Auf dem Land gibt es immer noch graue und weiße Flecken ohne schnellen Internetanschluss. Und das obwohl die Bundesregierung schon längst flächendeckend Breitband versprochen hat. Woran liegt es, dass der Ausbau nicht so recht voran kommt? Und wie können sich Dörfer abseits des Glasfasernetzes selbst helfen?</p>



<br class="“clear”">



<p><a rel="noreferrer noopener" href="https://www.deutschlandfunkkultur.de/schnelle-bytes-langsame-bytes-der-ermuedende-kampf-ums.976.de.html?dram:article_id=490689" target="_blank">Mein Radio-Feature für die Sendung Zeitfragen lief am Dienstag, 12. Januar 2021, um 19:30 bei Deutschlandfunk Kultur.</a></p>



<br class="“clear”">



<figure class="wp-block-audio"><audio controls src="https://ondemand-mp3.dradio.de/file/dradio/2021/01/12/schnelle_bytes_langsame_bytes_ermuedender_kampf_ums_drk_20210112_1930_d646bb6c.mp3"></audio></figure>

<p>Auf dem Land gibt es immer noch graue und weiße Flecken ohne schnellen Internetanschluss. Und das obwohl die Bundesregierung schon längst flächendeckend Breitband versprochen hat. Woran liegt es, dass der Ausbau nicht so recht voran kommt? Und wie können sich Dörfer abseits des Glasfasernetzes selbst helfen? Mein Radio-Feature für die Sendung Zeitfragen lief am Dienstag, &hellip; </p>
