{"id":761,"date":"2024-05-15T09:58:31","date_gmt":"2024-05-15T07:58:31","guid":{"rendered":"https:\/\/johanneszuber.de\/?post_type=rara-portfolio&#038;p=761"},"modified":"2024-05-15T16:10:21","modified_gmt":"2024-05-15T14:10:21","slug":"sprechen-fuer-tv-radio-und-podcast","status":"publish","type":"rara-portfolio","link":"https:\/\/johanneszuber.de\/?rara-portfolio=sprechen-fuer-tv-radio-und-podcast","title":{"rendered":"Sprechen f\u00fcr TV, Radio und Podcast"},"content":{"rendered":"\n<p>Seit meiner Weiterbildung zum Medientrainer bei der <a href=\"https:\/\/www.medienanstalt-nrw.de\/\" target=\"_blank\" rel=\"noreferrer noopener\">Landesanstalt f\u00fcr Medien NRW<\/a> im Jahr 2014 gebe ich regelm\u00e4\u00dfig ein- bis zweit\u00e4gige Sprechtrainings f\u00fcr TV, Radio und Podcasts, bisher u. a. an der TU Dortmund und der Uni Bielefeld.<\/p>\n\n\n\n<p>Der Schwerpunkt des Workshops liegt auf folgenden vier Elementen, jeweils mit theoretischem Input und anschlie\u00dfend praktischen \u00dcbungen, auch am Mikrofon:<\/p>\n\n\n\n<p><strong>Aussprache<\/strong><br>Wir besprechen die Grundregeln der hochdeutschen Aussprache und gehen auf h\u00e4ufige Fehler ein. Denn eine saubere Artikulation ist die Grundlage f\u00fcr einen souver\u00e4nen und glaubw\u00fcrdigen Auftritt am Mikro.<\/p>\n\n\n\n<p><strong>Pausen und Betonungen<\/strong><br>Wir analysieren anhand verschiedener Beispiele, welche Art von Sprechpausen es gibt und welche wann am besten passen. Denn Pausen sind das zentrale Instrument, um einen gesprochenen Text verst\u00e4ndlich zu strukturieren. Au\u00dferdem geht es um die Frage, wo die Betonungen im Satz liegen. In mehreren \u00dcbungen finden die Teilnehmenden die richtigen Pausen und Betonungen in fremden und eigenen Texten.<\/p>\n\n\n\n<p><strong>Stimme und Atmung<\/strong><br>Wir besprechen verschiedene Techniken, um die eigene Stimme souver\u00e4ner klingen zu lassen und machen verschiedene \u00dcbungen zur richtigen Atmung und dem angemessenen Einsatz der Stimme.<\/p>\n\n\n\n<p><strong>Ansprechhaltung<\/strong><br>Nachrichten sollten seri\u00f6s, Reportagen mitf\u00fchlend, Kommentare animierend klingen. Wie das geht und welche Mittel Sprecherinnen und Sprecher einsetzen k\u00f6nnen, damit die Pr\u00e4sentation zum Inhalt passt, darum geht es im letzten Teil des Seminars.<\/p>\n","protected":false},"excerpt":{"rendered":"<p>Seit meiner Weiterbildung zum Medientrainer bei der Landesanstalt f\u00fcr Medien NRW im Jahr 2014 gebe ich regelm\u00e4\u00dfig ein- bis zweit\u00e4gige Sprechtrainings f\u00fcr TV, Radio und Podcasts, bisher u. a. an der TU Dortmund und der Uni Bielefeld. Der Schwerpunkt des Workshops liegt auf folgenden vier Elementen, jeweils mit theoretischem Input und anschlie\u00dfend praktischen \u00dcbungen, auch &hellip; <\/p>\n","protected":false},"author":1,"featured_media":763,"comment_status":"closed","ping_status":"closed","template":"","rara_portfolio_categories":[25],"class_list":["post-761","rara-portfolio","type-rara-portfolio","status-publish","has-post-thumbnail","hentry","rara_portfolio_categories-medientraining"],"_links":{"self":[{"href":"https:\/\/johanneszuber.de\/index.php?rest_route=\/wp\/v2\/rara-portfolio\/761","targetHints":{"allow":["GET"]}}],"collection":[{"href":"https:\/\/johanneszuber.de\/index.php?rest_route=\/wp\/v2\/rara-portfolio"}],"about":[{"href":"https:\/\/johanneszuber.de\/index.php?rest_route=\/wp\/v2\/types\/rara-portfolio"}],"author":[{"embeddable":true,"href":"https:\/\/johanneszuber.de\/index.php?rest_route=\/wp\/v2\/users\/1"}],"replies":[{"embeddable":true,"href":"https:\/\/johanneszuber.de\/index.php?rest_route=%2Fwp%2Fv2%2Fcomments&post=761"}],"wp:featuredmedia":[{"embeddable":true,"href":"https:\/\/johanneszuber.de\/index.php?rest_route=\/wp\/v2\/media\/763"}],"wp:attachment":[{"href":"https:\/\/johanneszuber.de\/index.php?rest_route=%2Fwp%2Fv2%2Fmedia&parent=761"}],"wp:term":[{"taxonomy":"rara_portfolio_categories","embeddable":true,"href":"https:\/\/johanneszuber.de\/index.php?rest_route=%2Fwp%2Fv2%2Frara_portfolio_categories&post=761"}],"curies":[{"name":"wp","href":"https:\/\/api.w.org\/{rel}","templated":true}]}}

Sprechen für TV, Radio und Podcast

<p>Seit meiner Weiterbildung zum Medientrainer bei der <a href="https://www.medienanstalt-nrw.de/" target="_blank" rel="noreferrer noopener">Landesanstalt für Medien NRW</a> im Jahr 2014 gebe ich regelmäßig ein- bis zweitägige Sprechtrainings für TV, Radio und Podcasts, bisher u. a. an der TU Dortmund und der Uni Bielefeld.</p>



<p>Der Schwerpunkt des Workshops liegt auf folgenden vier Elementen, jeweils mit theoretischem Input und anschließend praktischen Übungen, auch am Mikrofon:</p>



<p><strong>Aussprache</strong><br>Wir besprechen die Grundregeln der hochdeutschen Aussprache und gehen auf häufige Fehler ein. Denn eine saubere Artikulation ist die Grundlage für einen souveränen und glaubwürdigen Auftritt am Mikro.</p>



<p><strong>Pausen und Betonungen</strong><br>Wir analysieren anhand verschiedener Beispiele, welche Art von Sprechpausen es gibt und welche wann am besten passen. Denn Pausen sind das zentrale Instrument, um einen gesprochenen Text verständlich zu strukturieren. Außerdem geht es um die Frage, wo die Betonungen im Satz liegen. In mehreren Übungen finden die Teilnehmenden die richtigen Pausen und Betonungen in fremden und eigenen Texten.</p>



<p><strong>Stimme und Atmung</strong><br>Wir besprechen verschiedene Techniken, um die eigene Stimme souveräner klingen zu lassen und machen verschiedene Übungen zur richtigen Atmung und dem angemessenen Einsatz der Stimme.</p>



<p><strong>Ansprechhaltung</strong><br>Nachrichten sollten seriös, Reportagen mitfühlend, Kommentare animierend klingen. Wie das geht und welche Mittel Sprecherinnen und Sprecher einsetzen können, damit die Präsentation zum Inhalt passt, darum geht es im letzten Teil des Seminars.</p>

<p>Seit meiner Weiterbildung zum Medientrainer bei der Landesanstalt für Medien NRW im Jahr 2014 gebe ich regelmäßig ein- bis zweitägige Sprechtrainings für TV, Radio und Podcasts, bisher u. a. an der TU Dortmund und der Uni Bielefeld. Der Schwerpunkt des Workshops liegt auf folgenden vier Elementen, jeweils mit theoretischem Input und anschließend praktischen Übungen, auch &hellip; </p>
