{"id":795,"date":"2021-05-16T10:50:00","date_gmt":"2021-05-16T08:50:00","guid":{"rendered":"https:\/\/johanneszuber.de\/?post_type=rara-portfolio&#038;p=795"},"modified":"2024-05-16T10:51:45","modified_gmt":"2024-05-16T08:51:45","slug":"corone-podcast-mit-doc-esser","status":"publish","type":"rara-portfolio","link":"https:\/\/johanneszuber.de\/?rara-portfolio=corone-podcast-mit-doc-esser","title":{"rendered":"Corona-Podcast mit Doc Esser"},"content":{"rendered":"\n<p>Im Podcast &#8222;Coronavirus \u2013 Doc Esser kl\u00e4rt auf&#8220; hat Lungenfacharzt Heinz-Wilhelm Esser die Fragen der H\u00f6rer*innen zum neuartigen Coronavirus beantwortet. Von M\u00e4rz bis Mitte April 2020 erschien jeden Wochentag eine neue Folge, seitdem ein- bis zweimal die Woche. Im August 2021 ging der Podcast in dem neuen Format <a href=\"https:\/\/www1.wdr.de\/unternehmen\/der-wdr\/unternehmen\/esser-podcast-wdr-zwei-100.html\" target=\"_blank\" rel=\"noreferrer noopener\">&#8222;Frag dich fit&#8220;<\/a> auf.<\/p>\n\n\n\n<p>Als Redakteur habe ich den Podcast ma\u00dfgeblich mitentwickelt und von Beginn an redaktionell betreut.<\/p>\n","protected":false},"excerpt":{"rendered":"<p>Im Podcast &#8222;Coronavirus \u2013 Doc Esser kl\u00e4rt auf&#8220; hat Lungenfacharzt Heinz-Wilhelm Esser die Fragen der H\u00f6rer*innen zum neuartigen Coronavirus beantwortet. Von M\u00e4rz bis Mitte April 2020 erschien jeden Wochentag eine neue Folge, seitdem ein- bis zweimal die Woche. Im August 2021 ging der Podcast in dem neuen Format &#8222;Frag dich fit&#8220; auf. Als Redakteur habe &hellip; <\/p>\n","protected":false},"author":1,"featured_media":796,"comment_status":"closed","ping_status":"closed","template":"","rara_portfolio_categories":[26],"class_list":["post-795","rara-portfolio","type-rara-portfolio","status-publish","has-post-thumbnail","hentry","rara_portfolio_categories-podcast"],"_links":{"self":[{"href":"https:\/\/johanneszuber.de\/index.php?rest_route=\/wp\/v2\/rara-portfolio\/795","targetHints":{"allow":["GET"]}}],"collection":[{"href":"https:\/\/johanneszuber.de\/index.php?rest_route=\/wp\/v2\/rara-portfolio"}],"about":[{"href":"https:\/\/johanneszuber.de\/index.php?rest_route=\/wp\/v2\/types\/rara-portfolio"}],"author":[{"embeddable":true,"href":"https:\/\/johanneszuber.de\/index.php?rest_route=\/wp\/v2\/users\/1"}],"replies":[{"embeddable":true,"href":"https:\/\/johanneszuber.de\/index.php?rest_route=%2Fwp%2Fv2%2Fcomments&post=795"}],"wp:featuredmedia":[{"embeddable":true,"href":"https:\/\/johanneszuber.de\/index.php?rest_route=\/wp\/v2\/media\/796"}],"wp:attachment":[{"href":"https:\/\/johanneszuber.de\/index.php?rest_route=%2Fwp%2Fv2%2Fmedia&parent=795"}],"wp:term":[{"taxonomy":"rara_portfolio_categories","embeddable":true,"href":"https:\/\/johanneszuber.de\/index.php?rest_route=%2Fwp%2Fv2%2Frara_portfolio_categories&post=795"}],"curies":[{"name":"wp","href":"https:\/\/api.w.org\/{rel}","templated":true}]}}

<p>Im Podcast &#8222;Coronavirus – Doc Esser klärt auf&#8220; hat Lungenfacharzt Heinz-Wilhelm Esser die Fragen der Hörer*innen zum neuartigen Coronavirus beantwortet. Von März bis Mitte April 2020 erschien jeden Wochentag eine neue Folge, seitdem ein- bis zweimal die Woche. Im August 2021 ging der Podcast in dem neuen Format <a href="https://www1.wdr.de/unternehmen/der-wdr/unternehmen/esser-podcast-wdr-zwei-100.html" target="_blank" rel="noreferrer noopener">&#8222;Frag dich fit&#8220;</a> auf.</p>



<p>Als Redakteur habe ich den Podcast maßgeblich mitentwickelt und von Beginn an redaktionell betreut.</p>

<p>Im Podcast &#8222;Coronavirus – Doc Esser klärt auf&#8220; hat Lungenfacharzt Heinz-Wilhelm Esser die Fragen der Hörer*innen zum neuartigen Coronavirus beantwortet. Von März bis Mitte April 2020 erschien jeden Wochentag eine neue Folge, seitdem ein- bis zweimal die Woche. Im August 2021 ging der Podcast in dem neuen Format &#8222;Frag dich fit&#8220; auf. Als Redakteur habe &hellip; </p>
