{"id":832,"date":"2026-01-16T16:16:34","date_gmt":"2026-01-16T14:16:34","guid":{"rendered":"https:\/\/johanneszuber.de\/?post_type=rara-portfolio&#038;p=832"},"modified":"2026-03-16T22:15:28","modified_gmt":"2026-03-16T20:15:28","slug":"digitale-souveraenitaet","status":"publish","type":"rara-portfolio","link":"https:\/\/johanneszuber.de\/?rara-portfolio=digitale-souveraenitaet","title":{"rendered":"Digitale Souver\u00e4nit\u00e4t"},"content":{"rendered":"\n<p>Wirtschaft und Verwaltung in Europa sind komplett von wenigen gro\u00dfen Tech-Konzernen aus den USA abh\u00e4ngig. Wenn Microsoft, Google und Amazon den Stecker ziehen, geht hier nichts mehr. Diese Abh\u00e4ngigkeit besteht zwar schon seit vielen Jahren. Als Problem nehmen Politik und Unternehmen sie aber erst seit Beginn der zweiten Amtszeit von US-Pr\u00e4sident Trump wahr \u2013 und wollen gegensteuern. Auf zahlreichen Gipfeln und Konferenzen wird \u00fcber digitale Souver\u00e4nit\u00e4t diskutiert. Wirklich passiert ist aber noch nichts. Nur einige Pioniere arbeiten daran, sich von den gro\u00dfen US-Techfirmen zu l\u00f6sen. Dabei sind sich die meisten Fachleute einig: Europa muss schnell handeln, um nicht zu einer digitalen Kolonie zu werden.<\/p>\n\n\n\n<p><a href=\"https:\/\/www.deutschlandfunkkultur.de\/im-netz-der-usa-europas-schwieriger-weg-aus-der-digitalen-abhaengigkeit-100.html\" target=\"_blank\" rel=\"noreferrer noopener\">Im Netz der USA &#8211; Europas schwieriger Weg aus der digitalen Abh\u00e4ngigkeit<\/a><\/p>\n\n\n\n<figure class=\"wp-block-audio\"><audio controls src=\"https:\/\/johanneszuber.de\/wp-content\/uploads\/2026\/01\/im_netz_der_usa_europas_schwieriger_weg_aus_der_digitalen_drk_20260120_1930_49929435.mp3\"><\/audio><\/figure>\n","protected":false},"excerpt":{"rendered":"<p>Wirtschaft und Verwaltung in Europa sind komplett von wenigen gro\u00dfen Tech-Konzernen aus den USA abh\u00e4ngig. Wenn Microsoft, Google und Amazon den Stecker ziehen, geht hier nichts mehr. Diese Abh\u00e4ngigkeit besteht zwar schon seit vielen Jahren. Als Problem nehmen Politik und Unternehmen sie aber erst seit Beginn der zweiten Amtszeit von US-Pr\u00e4sident Trump wahr \u2013 und &hellip; <\/p>\n","protected":false},"author":1,"featured_media":833,"comment_status":"closed","ping_status":"closed","template":"","rara_portfolio_categories":[23],"class_list":["post-832","rara-portfolio","type-rara-portfolio","status-publish","has-post-thumbnail","hentry","rara_portfolio_categories-radio-features"],"_links":{"self":[{"href":"https:\/\/johanneszuber.de\/index.php?rest_route=\/wp\/v2\/rara-portfolio\/832","targetHints":{"allow":["GET"]}}],"collection":[{"href":"https:\/\/johanneszuber.de\/index.php?rest_route=\/wp\/v2\/rara-portfolio"}],"about":[{"href":"https:\/\/johanneszuber.de\/index.php?rest_route=\/wp\/v2\/types\/rara-portfolio"}],"author":[{"embeddable":true,"href":"https:\/\/johanneszuber.de\/index.php?rest_route=\/wp\/v2\/users\/1"}],"replies":[{"embeddable":true,"href":"https:\/\/johanneszuber.de\/index.php?rest_route=%2Fwp%2Fv2%2Fcomments&post=832"}],"wp:featuredmedia":[{"embeddable":true,"href":"https:\/\/johanneszuber.de\/index.php?rest_route=\/wp\/v2\/media\/833"}],"wp:attachment":[{"href":"https:\/\/johanneszuber.de\/index.php?rest_route=%2Fwp%2Fv2%2Fmedia&parent=832"}],"wp:term":[{"taxonomy":"rara_portfolio_categories","embeddable":true,"href":"https:\/\/johanneszuber.de\/index.php?rest_route=%2Fwp%2Fv2%2Frara_portfolio_categories&post=832"}],"curies":[{"name":"wp","href":"https:\/\/api.w.org\/{rel}","templated":true}]}}

Digitale Souveränität

<p>Wirtschaft und Verwaltung in Europa sind komplett von wenigen großen Tech-Konzernen aus den USA abhängig. Wenn Microsoft, Google und Amazon den Stecker ziehen, geht hier nichts mehr. Diese Abhängigkeit besteht zwar schon seit vielen Jahren. Als Problem nehmen Politik und Unternehmen sie aber erst seit Beginn der zweiten Amtszeit von US-Präsident Trump wahr – und wollen gegensteuern. Auf zahlreichen Gipfeln und Konferenzen wird über digitale Souveränität diskutiert. Wirklich passiert ist aber noch nichts. Nur einige Pioniere arbeiten daran, sich von den großen US-Techfirmen zu lösen. Dabei sind sich die meisten Fachleute einig: Europa muss schnell handeln, um nicht zu einer digitalen Kolonie zu werden.</p>



<p><a href="https://www.deutschlandfunkkultur.de/im-netz-der-usa-europas-schwieriger-weg-aus-der-digitalen-abhaengigkeit-100.html" target="_blank" rel="noreferrer noopener">Im Netz der USA &#8211; Europas schwieriger Weg aus der digitalen Abhängigkeit</a></p>



<figure class="wp-block-audio"><audio controls src="https://johanneszuber.de/wp-content/uploads/2026/01/im_netz_der_usa_europas_schwieriger_weg_aus_der_digitalen_drk_20260120_1930_49929435.mp3"></audio></figure>

<p>Wirtschaft und Verwaltung in Europa sind komplett von wenigen großen Tech-Konzernen aus den USA abhängig. Wenn Microsoft, Google und Amazon den Stecker ziehen, geht hier nichts mehr. Diese Abhängigkeit besteht zwar schon seit vielen Jahren. Als Problem nehmen Politik und Unternehmen sie aber erst seit Beginn der zweiten Amtszeit von US-Präsident Trump wahr – und &hellip; </p>
